 List the prime factors of a(12).
17
Suppose -3*c - 5*f = -c - 1928, 4*c - 3828 = 4*f. List the prime factors of c.
7, 137
Suppose -3*s + 7*s - 2*m = 204, -s + 4*m = -37. Let u = 62 + s. What are the prime factors of u?
5, 23
Suppose -3*k + 37 = 4*q + q, -3*q + 3*k = -27. Let g(t) = -t + 1 + q*t**2 + t + t. List the prime factors of g(-2).
31
Suppose -3*y = -9*y + 54. Let w(r) = -r**3 + 10*r**2 + 3*r - 8. List the prime factors of w(y).
2, 5
Suppose 4*g = 429 + 467. Suppose 0 = -0*t + 5*t + w - g, 4*t + w - 179 = 0. List the prime factors of t.
3, 5
Suppose -4 + 49 = 5*b. Suppose 4*z - 12 = 0, 5*t = 2*z + 86 + 53. Let y = t - b. What are the prime factors of y?
2, 5
Suppose 10*g - 17*g + 3427 = 2*b, 0 = -b + 2*g + 1697. List the prime factors of b.
13, 131
Suppose -7*h + 1199 = -1097. What are the prime factors of h?
2, 41
Let t = -14 + 11. Let h(b) = 2*b**2 + 3*b - 4. Let u be h(t). Let q = u - -4. List the prime factors of q.
3
Let b(p) = -118 + 118 - 13*p. Suppose r - 18 = 4*m, -r - m - 4*m - 27 = 0. List the prime factors of b(r).
2, 13
Suppose -6*s - 3315 = -11*s. Suppose -12*y + s = -657. What are the prime factors of y?
2, 5, 11
Let g(a) = -a + a**3 - 13*a - 141*a**2 + 146*a**2 + 4. What are the prime factors of g(-7)?
2
Let o(a) = a**2 + 3*a - 15. Let p be o(0). What are the prime factors of (-3)/(-5)*p/(-3) + 131?
2, 67
Let q(b) = b - 3*b - 1 - 8*b. Let y be q(-1). Let m(f) = f**3 - 8*f**2 - 5*f + 6. List the prime factors of m(y).
2, 3, 7
Suppose 2*o - 5 = 7. Let s(q) = -2*q**3 + 14*q**2 - 6*q + 6. List the prime factors of s(o).
2, 3, 7
Let j(b) = 24*b - 21. Let i(p) = -48*p + 43. Let a(w) = 2*i(w) + 5*j(w). What are the prime factors of a(7)?
149
Let z = 16 - 16. Suppose 4 = -z*i - 4*i. List the prime factors of (-3 - 0 - -9) + i.
5
Let s = 21 + -1. Suppose b - 3*i = -0*i + s, b - 2*i = 19. Let p = 5 + b. List the prime factors of p.
2, 11
Suppose 0 = -4*b + 10 - 2. Suppose -4*y + 8 = b*a, -a = -2*y + 3*a + 4. Suppose y*x = 4*p + 126, -x - p - 15 = -69. What are the prime factors of x?
3, 19
Let n(j) = 155*j + 154. What are the prime factors of n(8)?
2, 17, 41
Let x = 2150 - 782. List the prime factors of x.
2, 3, 19
Suppose a + 4 = -a. Let o be (4/a)/((-1)/10). Let u = o + 3. What are the prime factors of u?
23
Let g = 643 + -305. What are the prime factors of g?
2, 13
Let u(b) = b**3 + 15*b**2 - 11*b + 10. Let x be u(-15). Suppose -2*l - x = -7*l. Suppose -2*i = -3*i + l. What are the prime factors of i?
5, 7
Let j be (12/(-7))/(-1 + (-5)/(-7)). Let l(a) = 4*a**2 - 12*a + 4. What are the prime factors of l(j)?
2, 19
Suppose 0 = 5*m + k - 5 - 20, 4*m = 4*k + 20. Suppose -4*s - 152 = -m*f, 5*f - f - 2*s = 118. List the prime factors of f.
2, 7
Suppose -2*i - 4*m - 3 = 13, -m = -2*i - 6. Let l = i - -8. Suppose 102 = 3*p - r + l*r, 4*p = -5*r + 136. What are the prime factors of p?
2, 17
Let j = 486 + -340. Let s = j - 76. What are the prime factors of s?
2, 5, 7
Let t(h) = 6*h**2 + 6*h - 4. Let x be t(3). Let j = -54 + x. List the prime factors of j.
2, 7
Suppose -2*r + 185 = -183. What are the prime factors of (r/(-10))/(4/(-10))?
2, 23
Suppose 123*a = 126*a - 774. List the prime factors of a.
2, 3, 43
Suppose 2*q - 4*i - 16 = i, 3*q - 14 = 5*i. Let d be q/(15/21 + -1). Let f(y) = -y**3 + 6*y**2 + 9*y - 5. What are the prime factors of f(d)?
3
Let c be ((-26)/65)/(1/(-25)). List the prime factors of (c/4 + -4)*-16.
2, 3
Suppose -2*u = -b - 1825, 2217 + 2345 = 5*u - 2*b. List the prime factors of u.
2, 3, 19
Suppose -5*d - 24 = 2*p, 4*p - 11 = 4*d + 25. Let o = 93 + d. List the prime factors of o.
3, 29
Let s(h) = -2*h**2 - 6*h + 2. Let f be 2*(-1 + (-4)/4). Let o be s(f). List the prime factors of (o/2)/(2/(-38)).
3, 19
Suppose 0 = -5*x + f + 455, 2*x - x - f - 91 = 0. Suppose -u - o + x = 2*u, -28 = -u + 2*o. Suppose -r - u = -6*r. What are the prime factors of r?
2, 3
Suppose 4*s + 3*f - 1936 = -f, -4*f = -4*s + 1968. List the prime factors of s.
2, 61
Suppose 2*h - 5*h + 60 = 4*y, -2*y - 2*h = -32. Suppose -y*q + 10*q = 0. Suppose -2*m + m = 2*a - 15, q = -4*a - 12. What are the prime factors of m?
3, 7
Suppose l - 3*r = 686, -5*l - 682 = -6*l + 4*r. List the prime factors of l.
2, 349
Suppose -2*v = -4*t + 18958, -5*t + 23402 = -3*v - 295. List the prime factors of t.
2, 3, 5, 79
Suppose -21599 = -13*b + 7222. List the prime factors of b.
3, 739
Suppose -5*j = d - 2973, -5*d + 1775 = 9*j - 6*j. What are the prime factors of j?
5, 7, 17
Let l(m) be the third derivative of -5*m**4/8 + 10*m**3/3 + 8*m**2. What are the prime factors of l(-5)?
5, 19
Let j(l) = 1 - 3 - l**2 - 4*l - 4. Let h be j(-6). Let q = -2 - h. What are the prime factors of q?
2
Let g = -673 + 1074. List the prime factors of g.
401
Let i be 1/(2/(-52)*6/9). List the prime factors of i/(-6*1/8).
2, 13
Suppose 5*o - 298 - 47 = -4*c, -2*c + 145 = -3*o. Suppose -9*m + m = -c. What are the prime factors of m?
2, 5
Suppose 0 = 2*f, -3*d - 2*f = -0*f. Suppose d = -0*c + 4*c - a - 171, -5*c = -a - 214. What are the prime factors of c?
43
Let i(q) = -19*q + 20. Let p(y) = 1. Let n(m) = -i(m) - 5*p(m). What are the prime factors of n(4)?
3, 17
Let v = 95 + -91. Let s = 3 + 0. Suppose -2*l = -s*t - 39, -7*t + 123 = v*l - 4*t. List the prime factors of l.
3
Suppose 36*r = 31*r + 145. Let w be r/(-5) + (-1)/5. Let q = w + 10. List the prime factors of q.
2
Suppose 0 = 4*x + k - 14, -2*x - k - 10 = -4*x. Suppose -2*a + 286 = -x*b, -b = a - 2*b - 141. List the prime factors of a.
139
Let z(m) = -m**2 - 3*m**3 + 3 + 5*m + 0 - 3*m. Suppose 3*a - 5*b + 8 = -a, -5*a - 4*b - 10 = 0. List the prime factors of z(a).
19
Let i = -1 - -8. Let n = i - 2. Suppose -3*s = -n*f - 39 - 69, -4*f + 143 = 5*s. What are the prime factors of s?
31
Suppose -3*h - 9 = -6*h. Suppose 2*y = -5*v - 984 + 3283, h*y - 6 = 0. List the prime factors of v/15 + 6/(-10).
2, 3, 5
Let f = 15 - 10. Let d be (-2 + (-1 - 1))/(-2). Suppose 0 = 4*q - f*j - 8, -2*j + 4*j = d*q - 4. List the prime factors of q.
2
Let r be -1*(-2 + 3 + -97). Let a = 46 + r. Suppose 2*h - a = -4*z, -4*h = h + 5. What are the prime factors of z?
2, 3
Suppose -316 + 2296 = 3*o. Suppose -b = 5*v - o, 0 = 5*v - v - 4*b - 504. List the prime factors of v.
131
Suppose 12*l - 5*l - 4704 = 0. What are the prime factors of l?
2, 3, 7
Suppose 0 = -2*v + 5*v + 4*k - 16, -v = k - 5. Let d(r) = r + 2. Let o be d(v). Suppose 0 = 4*f + 2*i - 98 + o, 3*i = 6. What are the prime factors of f?
2, 11
Let p = 860 + -536. List the prime factors of p.
2, 3
Let n be (-14)/(-7)*(-2)/(-1). Suppose 5*a - 160 = -n*b - 0*a, -4*b + 5*a + 120 = 0. List the prime factors of b.
5, 7
Let r(k) = 55*k**3 + 7*k**2 - 18*k. List the prime factors of r(3).
2, 3, 83
Let x(y) = y**3 + 5*y**2 + 16*y + 17. What are the prime factors of x(6)?
509
Suppose -w + 2*i + 2255 = 119, i = 5*w - 10644. List the prime factors of w.
2, 7, 19
Suppose -13*i - 21*i + 1598 = 0. List the prime factors of i.
47
Suppose -6*b = -4*b - 746. What are the prime factors of b?
373
Let i = -392 - -787. List the prime factors of i.
5, 79
Let m = -470 - -937. What are the prime factors of m?
467
Suppose -3*o + 2283 = 5*g - 1365, -2*g = 3*o - 3639. List the prime factors of o.
7, 173
Suppose -i = v - 7, 4*i - 27 + 2 = -3*v. Suppose 252 = i*d - 184. List the prime factors of d.
109
Let k = 1063 + -607. What are the prime factors of k?
2, 3, 19
Suppose -v = -3*v - 16. Let l(w) = -w**3 - 9*w**2 - 10*w - 9. Let j be l(v). Suppose -2*a - 3*p + j*p = -38, 5*p = a - 34. What are the prime factors of a?
3
Let n(b) = b**3 - 51*b**2 + 141*b - 30. List the prime factors of n(50).
2, 5, 113
Suppose 3 = -2*f + 3*f. Suppose 0 = f*c - c - 258. What are the prime factors of c?
3, 43
Let s be ((-8)/6)/((-4)/(-12)). Let d be s/(-6)*84/8. Suppose -10*f + d*f = -66. List the prime factors of f.
2, 11
Let p = -96 + 107. Suppose 2097 = -p*d + 20*d. What are the prime factors of d?
233
Suppose -3*q + 2*v - 200 = 0, -4*q + v - 5*v - 260 = 0. Let u = q - -85. List the prime factors of u.
19
Suppose -3*g = m + 3, -14 = 2*m - 4*m - g. Suppose -n + m = 2*n. Suppose -n*c + c = 5*h - 36, 4*h = 0. What are the prime factors of c?
2, 3
Let h be 102/14 + (-6)/21. Let a be 2 + 2 - (h + -4). Let r(f) = 15*f**3 + 2*f**2 - f. List the pri